{"id":4392,"date":"2024-04-13T10:43:18","date_gmt":"2024-04-13T08:43:18","guid":{"rendered":"https:\/\/hochst\u00e4dter-haus.de\/?page_id=4392"},"modified":"2024-06-02T11:42:30","modified_gmt":"2024-06-02T09:42:30","slug":"die-fahrradstrecken-der-tour-de-montana-2-0","status":"publish","type":"page","link":"https:\/\/hochst\u00e4dter-haus.de\/?page_id=4392","title":{"rendered":"Die Fahrradstrecken der Tour de Montana 2.0"},"content":{"rendered":"<h2>Die Fahrradstrecken der Tour de Montana 2.0<\/h2>\n<p>Wir haben in diesem Jahr drei attraktive Fahrradstrecken geplant. Alle Strecken starten und enden direkt am Hochst\u00e4dter Haus.<\/p>\n<p><img loading=\"lazy\" decoding=\"async\" class=\"alignnone wp-image-4402 size-full\" src=\"https:\/\/xn--hochstdter-haus-5kb.de\/wp-content\/uploads\/2024\/04\/Radstrecken_240411_w800.png\" alt=\"\" width=\"800\" height=\"731\" srcset=\"https:\/\/xn--hochstdter-haus-5kb.de\/wp-content\/uploads\/2024\/04\/Radstrecken_240411_w800.png 800w, https:\/\/xn--hochstdter-haus-5kb.de\/wp-content\/uploads\/2024\/04\/Radstrecken_240411_w800-300x274.png 300w, https:\/\/xn--hochstdter-haus-5kb.de\/wp-content\/uploads\/2024\/04\/Radstrecken_240411_w800-768x702.png 768w, https:\/\/xn--hochstdter-haus-5kb.de\/wp-content\/uploads\/2024\/04\/Radstrecken_240411_w800-705x644.png 705w\" sizes=\"auto, (max-width: 800px) 100vw, 800px\" \/><\/p>\n<h4><strong>Die Rennradstrecke (gr\u00fcn)\u00a0 \u00a0 <\/strong><strong><em><span style=\"color: #ff0000;\">&lt;-\u00a0 inzwischen leider ausgebucht<\/span><\/em><\/strong><\/h4>\n<p>Die Rennradstrecke f\u00fchrt \u00fcber voraussichtlich 103 km und ca. 1.000 H\u00f6henmeter in den vorderen Odenwald und <strong>wird als gef\u00fchrte Tour im geschlossenen Verband durchgef\u00fchrt.<\/strong>\u00a0F\u00fcr die Teilnahme an der Rennradtour setzen wir Erfahrung im Rennradfahren sowie eine gute Kondition voraus. Die Durchschnittsgeschwindigkeit der Tour liegt bei ca. 22 \u2013 24 km\/h und wir werden drei Zwischenstops machen an der Hippelsbacher Bauernstube in Brensbach, der\u00a0<strong><a href=\"https:\/\/www.gemeinde-fuerth.de\/gemeinde\/bekanntmachungen-buergerinformation\/fuerth-hilft-helft-mit-wir-sammeln-spenden-fuer-krebskranke-kinder\/\">Gemeinde F\u00fcrth<\/a>\u00a0<\/strong>und in der Stadt Lorsch.<\/p>\n<h4><strong>Die lange MTB-Strecke (Tour 1 &#8211; orange)<\/strong><\/h4>\n<p>F\u00fcr sportlich ambitioniertere Biker\/innen mit guter Kondition und etwas Erfahrung bietet sich die erste Streckenvariante (Tour 1) an. Zu bew\u00e4ltigen sind ca. 1.050 H\u00f6henmeter bei 36 Kilometern Streckenl\u00e4nge und einer zeitlichen Einsch\u00e4tzung von etwa dreieinhalb Stunden. In dieser Tour sind mehrere Anstiege zu bew\u00e4ltigen. Mit dem 617 Meter hohen Kaiserturm auf der Neunkircher H\u00f6he wird der h\u00f6chste Punkt der Tour erreicht.<\/p>\n<h4><strong>Die kurze MTB-Strecke (Tour 2 &#8211; lila)<\/strong><\/h4>\n<p>Die in knapp zwei Stunden zu bew\u00e4ltigende kurze Strecke (Tour 2) f\u00fchrt nach 650 H\u00f6henmetern und knapp 24 Kilometer L\u00e4nge vom Startpunkt Hochst\u00e4dter Haus zur\u00fcck zum Start. Diese Strecke ist auch f\u00fcr \u201eGelegenheitsfahrer\u201c zu empfehlen.<\/p>\n<p>Sie finden die Streckenbeschreibung der MTB-Strecken \u00fcber die Links in der folgenden Tabelle auf Komoot (<strong><a href=\"https:\/\/www.komoot.com\/de-de\">www.komoot.com<\/a>).<\/strong> Wenn Sie die Links\u00a0 auf dem Smartphone \u00f6ffnen, k\u00f6nnen Sie direkt die Navigationfunktion starten und sich vom Handy f\u00fchren lassen. Sie k\u00f6nnen den Streckenverlauf auf dieser Seite auch \u00fcber den Men\u00fcpunkt &#8220;F\u00fcr GPS-Ger\u00e4t herunterladen&#8221; als gpx-Datei auf Ihren Rechner \u00fcbertragen und dann auf allen \u00fcblichen Navis nutzen.<\/p>\n\n<table id=\"tablepress-5\" class=\"tablepress tablepress-id-5\">\n<thead>\n<tr class=\"row-1\">\n\t<th class=\"column-1\">Streckenname<\/th><th class=\"column-2\">Komoot<\/th><th class=\"column-3\">Streckenl\u00e4nge (km)<\/th><th class=\"column-4\">H\u00f6henmeter<\/th><th class=\"column-5\">Dauer ca.<\/th>\n<\/tr>\n<\/thead>\n<tbody class=\"row-striping\">\n<tr class=\"row-2\">\n\t<td class=\"column-1\">Rennrad<\/td><td class=\"column-2\">gef\u00fchrt Strecke,  Verlauf:<br \/>\n<u><strong><a href=\"https:\/\/www.komoot.com\/de-de\/tour\/1199897994?share_token=ahl3rYXIRhztUeSTOEDv4Mh1bPCXWAipqRUqnsEuK8xfDDG7Sd&amp;ref=wtd\">Rennradstrecke<\/a><\/strong><\/u><\/td><td class=\"column-3\">102,3<\/td><td class=\"column-4\">980<\/td><td class=\"column-5\">06:30<\/td>\n<\/tr>\n<tr class=\"row-3\">\n\t<td class=\"column-1\">MTB kurz<\/td><td class=\"column-2\"><u><strong><a href=\"https:\/\/www.komoot.com\/de-de\/tour\/1326315118?share_token=aboh1pTZ4apD1gpIOnuJrapZkMBSV478h13Ou3AQttpcml5Nlw&amp;ref=\">MTB-Strecke kurz<\/a><\/strong><\/u><\/td><td class=\"column-3\">24,3<\/td><td class=\"column-4\">680<\/td><td class=\"column-5\">02:30<\/td>\n<\/tr>\n<tr class=\"row-4\">\n\t<td class=\"column-1\">MTB lang<\/td><td class=\"column-2\"><u><strong><a href=\"https:\/\/www.komoot.com\/de-de\/tour\/1643479727?share_token=aBDBHENai1bgQ1QBk14BBqKDMFJSsw6NfgCpDQqM5m4wAOfCMm&amp;ref=\">MTB-Strecke lang<\/a><\/strong><\/u><\/td><td class=\"column-3\">35,0<\/td><td class=\"column-4\">930<\/td><td class=\"column-5\">03:30<\/td>\n<\/tr>\n<\/tbody>\n<\/table>\n<!-- #tablepress-5 from cache -->\n","protected":false},"excerpt":{"rendered":"<p>Die Fahrradstrecken der Tour de Montana 2.0 Wir haben in diesem Jahr drei attraktive Fahrradstrecken geplant. Alle Strecken starten und enden direkt am Hochst\u00e4dter Haus. Die Rennradstrecke (gr\u00fcn)\u00a0 \u00a0 &lt;-\u00a0 inzwischen leider ausgebucht Die Rennradstrecke f\u00fchrt \u00fcber voraussichtlich 103 km und ca. 1.000 H\u00f6henmeter in den vorderen Odenwald und wird als gef\u00fchrte Tour im geschlossenen [&hellip;]<\/p>\n","protected":false},"author":1,"featured_media":0,"parent":0,"menu_order":0,"comment_status":"closed","ping_status":"closed","template":"template-blank.php","meta":{"footnotes":""},"class_list":["post-4392","page","type-page","status-publish","hentry"],"_links":{"self":[{"href":"https:\/\/hochst\u00e4dter-haus.de\/index.php?rest_route=\/wp\/v2\/pages\/4392","targetHints":{"allow":["GET"]}}],"collection":[{"href":"https:\/\/hochst\u00e4dter-haus.de\/index.php?rest_route=\/wp\/v2\/pages"}],"about":[{"href":"https:\/\/hochst\u00e4dter-haus.de\/index.php?rest_route=\/wp\/v2\/types\/page"}],"author":[{"embeddable":true,"href":"https:\/\/hochst\u00e4dter-haus.de\/index.php?rest_route=\/wp\/v2\/users\/1"}],"replies":[{"embeddable":true,"href":"https:\/\/hochst\u00e4dter-haus.de\/index.php?rest_route=%2Fwp%2Fv2%2Fcomments&post=4392"}],"version-history":[{"count":5,"href":"https:\/\/hochst\u00e4dter-haus.de\/index.php?rest_route=\/wp\/v2\/pages\/4392\/revisions"}],"predecessor-version":[{"id":4783,"href":"https:\/\/hochst\u00e4dter-haus.de\/index.php?rest_route=\/wp\/v2\/pages\/4392\/revisions\/4783"}],"wp:attachment":[{"href":"https:\/\/hochst\u00e4dter-haus.de\/index.php?rest_route=%2Fwp%2Fv2%2Fmedia&parent=4392"}],"curies":[{"name":"wp","href":"https:\/\/api.w.org\/{rel}","templated":true}]}}