{"id":4924,"date":"2026-05-12T15:20:26","date_gmt":"2026-05-12T13:20:26","guid":{"rendered":"https:\/\/hochst\u00e4dter-haus.de\/?page_id=4924"},"modified":"2026-05-12T15:20:26","modified_gmt":"2026-05-12T13:20:26","slug":"mittendrin-statt-nur-dabei","status":"publish","type":"page","link":"https:\/\/hochst\u00e4dter-haus.de\/?page_id=4924","title":{"rendered":"Mittendrin statt nur dabei"},"content":{"rendered":"<h3>Wer hat Lust, Hochst\u00e4dten aktiv mitzugestalten?<\/h3>\n<p>Der Hochst\u00e4dter F\u00f6rderverein sucht Menschen, die Lust haben mit anzupacken, Ideen einzubringen und unser Dorfleben mitzugestalten. Egal ob kreativ, technisch oder organisatorisch \u2013 bei uns kann jede und jeder etwas bewegen<\/p>\n<p><strong>\u00d6ffentlichkeitsarbeit &amp; Social Media<\/strong><br \/>\nDu hast ein Gesp\u00fcr f\u00fcr gute Inhalte und Spa\u00df daran, Dinge sichtbar zu machen?<br \/>\nDann unterst\u00fctze uns dabei, den Verein kreativ nach au\u00dfen zu vertreten \u2013 mit Posts, Stories oder kleinen Aktionen in den sozialen Medien.<\/p>\n<p><strong>Eventbetreuung &amp; Technik<\/strong><br \/>\nDu bist lieber mitten im Geschehen?<br \/>\nDann hilf uns bei Veranstaltungen \u2013 zum Beispiel bei Ton, Licht, Aufbau oder der technischen Betreuung vor Ort. Damit am Ende alles rund l\u00e4uft.<\/p>\n<p>Wenn du Lust hast, Teil eines tollen Teams zu werden und Hochst\u00e4dten aktiv mitzugestalten, dann melde dich gerne bei uns.<\/p>\n<p><strong>Kontakt<\/strong>: mail(at)hochstaedten.net<\/p>\n","protected":false},"excerpt":{"rendered":"<p>Wer hat Lust, Hochst\u00e4dten aktiv mitzugestalten? Der Hochst\u00e4dter F\u00f6rderverein sucht Menschen, die Lust haben mit anzupacken, Ideen einzubringen und unser Dorfleben mitzugestalten. Egal ob kreativ, technisch oder organisatorisch \u2013 bei uns kann jede und jeder etwas bewegen \u00d6ffentlichkeitsarbeit &amp; Social Media Du hast ein Gesp\u00fcr f\u00fcr gute Inhalte und Spa\u00df daran, Dinge sichtbar zu machen? [&hellip;]<\/p>\n","protected":false},"author":1,"featured_media":0,"parent":0,"menu_order":0,"comment_status":"closed","ping_status":"closed","template":"","meta":{"footnotes":""},"class_list":["post-4924","page","type-page","status-publish","hentry"],"_links":{"self":[{"href":"https:\/\/hochst\u00e4dter-haus.de\/index.php?rest_route=\/wp\/v2\/pages\/4924","targetHints":{"allow":["GET"]}}],"collection":[{"href":"https:\/\/hochst\u00e4dter-haus.de\/index.php?rest_route=\/wp\/v2\/pages"}],"about":[{"href":"https:\/\/hochst\u00e4dter-haus.de\/index.php?rest_route=\/wp\/v2\/types\/page"}],"author":[{"embeddable":true,"href":"https:\/\/hochst\u00e4dter-haus.de\/index.php?rest_route=\/wp\/v2\/users\/1"}],"replies":[{"embeddable":true,"href":"https:\/\/hochst\u00e4dter-haus.de\/index.php?rest_route=%2Fwp%2Fv2%2Fcomments&post=4924"}],"version-history":[{"count":4,"href":"https:\/\/hochst\u00e4dter-haus.de\/index.php?rest_route=\/wp\/v2\/pages\/4924\/revisions"}],"predecessor-version":[{"id":4935,"href":"https:\/\/hochst\u00e4dter-haus.de\/index.php?rest_route=\/wp\/v2\/pages\/4924\/revisions\/4935"}],"wp:attachment":[{"href":"https:\/\/hochst\u00e4dter-haus.de\/index.php?rest_route=%2Fwp%2Fv2%2Fmedia&parent=4924"}],"curies":[{"name":"wp","href":"https:\/\/api.w.org\/{rel}","templated":true}]}}